 base 10, what is -9548 + -9673?
-19221
In base 4, what is -323102 - 31320312?
-32310020
In base 12, what is -880 - 1a6?
-a66
In base 6, what is -3045050 + 15?
-3045031
In base 6, what is 14452 + 2504220?
2523112
In base 11, what is 4 + a026632?
a026636
In base 9, what is -15 - -1181657?
1181642
In base 11, what is 7 - -249868?
249874
In base 2, what is 11011101101 + -11111010011?
-11100110
In base 10, what is 584981 - -182?
585163
In base 5, what is 104333334 + 1134?
104340023
In base 6, what is -3 + -2354123155?
-2354123202
In base 15, what is 595 + -1b76?
-15d1
In base 10, what is -6 + -46326625?
-46326631
In base 11, what is -7a24aa4 + 2?
-7a24aa2
In base 11, what is 4a - -4a7a6?
4a845
In base 4, what is 30 + 13021001302?
13021001332
In base 15, what is -187 + b104?
ae6c
In base 10, what is 48498 - 591?
47907
In base 11, what is -5 + 29304a?
293045
In base 4, what is -3 + -313101300311?
-313101300320
In base 10, what is 8 - -142236?
142244
In base 16, what is -20aa0b5 - -12?
-20aa0a3
In base 14, what is 2 - -1274479?
127447b
In base 11, what is 86414 - -49?
86462
In base 16, what is -1ab8c - 68?
-1abf4
In base 10, what is 4361586 + 0?
4361586
In base 14, what is 2bbc488 - -5?
2bbc48d
In base 9, what is -313 + 4830?
4516
In base 3, what is -10 - 1020210000220210?
-1020210000220220
In base 7, what is -2360321364 + -1?
-2360321365
In base 3, what is -111 - -2211121121?
2211121010
In base 8, what is -603241 - -1643?
-601376
In base 8, what is 3707215324 - 0?
3707215324
In base 8, what is -601522234 - 1?
-601522235
In base 7, what is -22641432116 - 2?
-22641432121
In base 15, what is -221 - 39ac?
-3bcd
In base 16, what is a30 - c7c7?
-bd97
In base 12, what is 40127 + 152?
40279
In base 8, what is -610 + -2545720?
-2546530
In base 12, what is -a + -856007?
-856015
In base 14, what is 1 + a93857?
a93858
In base 11, what is 2 - -15720a3a?
15720a41
In base 7, what is -2 + -6205565445?
-6205565450
In base 10, what is 155864 - -66?
155930
In base 12, what is 4480b - -314?
44b23
In base 14, what is -93 + 548d0?
5483b
In base 16, what is 12d1 + -1aa6?
-7d5
In base 2, what is 11100110110010100101 + 111010?
11100110110011011111
In base 8, what is 776517 - -17?
776536
In base 3, what is -102001 + 102021220101?
102021111100
In base 3, what is 12122120 + 2000100?
21122220
In base 16, what is -6ab04 - 235?
-6ad39
In base 14, what is 2 + -23a61300?
-23a612dc
In base 14, what is -857758d - 1?
-8577590
In base 9, what is 1220 + 42887?
44217
In base 12, what is 0 + 1202359b?
1202359b
In base 8, what is -1 - -466524713?
466524712
In base 5, what is -22012 - 32431?
-104443
In base 9, what is -1 + -180438331?
-180438332
In base 11, what is a76a2 + -8?
a7695
In base 13, what is 237214 - 5c?
237185
In base 12, what is a56a118 - 7?
a56a111
In base 16, what is 317f - -6325?
94a4
In base 6, what is -114 - 3100443412?
-3100443530
In base 14, what is 45a541 - 26?
45a519
In base 10, what is -2670 - -56245?
53575
In base 13, what is 2c83b - 12a6?
2b565
In base 4, what is 13311202 + 2103113?
22020321
In base 5, what is -3 - 40122104444?
-40122110002
In base 8, what is -400627 + 1473?
-377134
In base 7, what is 135 + 4062431?
4062566
In base 5, what is 1131414031 + -21?
1131414010
In base 16, what is -7d509 + b3?
-7d456
In base 13, what is -4 - -181c8496?
181c8492
In base 9, what is 120532 + 886?
121528
In base 12, what is -102 - 2408?
-250a
In base 15, what is 2e + 21cd?
220c
In base 6, what is -112021 - -50311?
-21310
In base 6, what is -5 - -334414011?
334414002
In base 2, what is 10 - 100100111110100000110000?
-100100111110100000101110
In base 9, what is -86442 + -63?
-86515
In base 3, what is 22011022 + -102212201?
-10201102
In base 7, what is 223600 - -121?
224021
In base 5, what is 0 - 340123204?
-340123204
In base 5, what is -20004242432 - 10?
-20004242442
In base 14, what is 12 - b204d4?
-b204c2
In base 7, what is -44331 - -4635?
-36363
In base 2, what is -10110110100110 + 10111111001001?
1000100011
In base 3, what is -21221221100001 + 1000?
-21221221022001
In base 10, what is 5 - 90300612?
-90300607
In base 6, what is -53301544 + 12?
-53301532
In base 16, what is 1090 - -af?
113f
In base 4, what is 220 + 30320230222?
30320231102
In base 2, what is 11 - 10000010011001100100?
-10000010011001100001
In base 7, what is 1 + -136260400?
-136260366
In base 4, what is 11230 + -211303000?
-211231110
In base 11, what is -3786 - -a43?
-2843
In base 12, what is 50 + 83058b1?
8305941
In base 13, what is -4 - 7240bb2?
-7240bb6
In base 10, what is -6267593 + -5?
-6267598
In base 14, what is -9a257a - -2?
-9a2578
In base 7, what is 3 + -1124623560?
-1124623554
In base 13, what is 4c61a0a - 1?
4c61a09
In base 12, what is 19279 + -4885?
145b4
In base 5, what is -4 - 14302143234?
-14302143243
In base 15, what is 2a3 - 64326?
-64073
In base 15, what is -11 + -1e3a?
-1e4b
In base 13, what is -1b7954 + 18?
-1b7939
In base 11, what is -8560 + 1a65?
-65a6
In base 5, what is -113 + -100324242?
-100324410
In base 4, what is -20 - -120112213303?
120112213223
In base 10, what is -37648 + 9211?
-28437
In base 4, what is -20 - -32010310103?
32010310023
In base 16, what is 32f9 + -103?
31f6
In base 9, what is 6 + -4586728?
-4586722
In base 16, what is 154c - e8?
1464
In base 15, what is -b70 - -82235?
815b5
In base 9, what is -423447 - -38?
-423408
In base 15, what is 4 - 104d3eb?
-104d3e7
In base 11, what is -79968 + -428?
-7a295
In base 8, what is -263436703 - 4?
-263436707
In base 4, what is -23211 - -13201302?
13112031
In base 4, what is -2 + 2113000303213?
2113000303211
In base 3, what is -20200222111120 - 112022?
-20201000000212
In base 2, what is -1000111111 + -1001011100010?
-1010100100001
In base 2, what is -1110100101110101100001 - -10?
-1110100101110101011111
In base 14, what is -2299721 + 1?
-2299720
In base 12, what is 89205 + -153?
89072
In base 14, what is -7 + 623bab3?
623baaa
In base 12, what is -6 - -593785?
59377b
In base 14, what is -7dc07d4b - 5?
-7dc07d52
In base 2, what is 1111101111001100001010 + 0?
1111101111001100001010
In base 14, what is 2d3 - -a5ba?
a8ad
In base 9, what is -25203 + -2701?
-28004
In base 3, what is -1101112 + 112201?
-211211
In base 10, what is 1703833 - 5?
1703828
In base 9, what is -356345 - -1481?
-354754
In base 4, what is 11213003 - -132020?
12011023
In base 15, what is 25 + -39111?
-390db
In base 14, what is -1a6bd8b7 - 2?
-1a6bd8b9
In base 14, what is -15c - -327dcc?
327c70
In base 5, what is -224311304 + 10?
-224311244
In base 9, what is -40681 + -86?
-40777
In base 7, what is 11242 - -22150?
33422
In base 13, what is -46 - -bc60b?
bc595
In base 6, what is 234250450 + 24?
234250514
In base 3, what is 12121201 + -1022112?
11022012
In base 13, what is 2b82 + -1a9?
29a6
In base 16, what is 5 + e0fe727?
e0fe72c
In base 4, what is -21 - -30131322223111?
30131322223030
In base 4, what is -11330 - 1002231101?
-1002303031
In base 6, what is -243451131 + 3?
-243451124
In base 13, what is 5931 - 292?
566c
In base 12, what is 80b740 + 20a?
80b94a
In base 10, what is 0 - -30445242?
30445242
In base 2, what is 0 - -1101110111000111100011?
1101110111000111100011
In base 3, what is 120010210201122 + -2?
120010210201120
In base 13, what is -a5739a8 - -1?
-a5739a7
In base 10, what is 59776922 - 0?
59776922
In base 4, what is 301 - 112132121113?
-112132120212
In base 11, what is 13 - 13345?
-13332
In base 12, what is -bb9 + 25858?
2485b
In base 13, what is 1a - 834b2?
-83495
In base 6, what is 12133 + -4510?
3223
In base 16, what is 3339 - -13551?
1688a
In base 7, what is 35204 - 126112?
-60605
In base 14, what is 5c17b98 + -4?
5c17b94
In base 4, what is 20003 - 20323133?
-20303130
In base 6, what is -1050 + -324530?
-330020
In base 14, what is 206c5d + 36?
206c95
In base 7, what is -4 - -1045023643?
1045023636
In base 6, what is -1 - -410300352?
410300351
In base 14, what is d9 - -2ad65?
2b060
In base 2, what is -1000001001011000111100000011 + 11?
-1000001001011000111100000000
In base 15, what is 5 + -2708875?
-2708870
In base 11, what is -8536 - 250?
-8786
In base 13, what is -625c0 + -1b?
-6260b
In base 5, what is 1202 + -120032334?
-120031132
In base 9, what is -40816465 + -34?
-40816510
In base 16, what is 2 + b04dc?
b04de
In base 14, what is 1 - 30a225